{"id":99,"date":"2019-03-20T21:30:01","date_gmt":"2019-03-20T20:30:01","guid":{"rendered":"https:\/\/aureliemitteault.fr\/?page_id=99"},"modified":"2023-11-16T08:13:44","modified_gmt":"2023-11-16T07:13:44","slug":"eft-2","status":"publish","type":"page","link":"https:\/\/aureliemitteault.fr\/index.php\/eft-2\/","title":{"rendered":"EFT"},"content":{"rendered":"\t\t<div data-elementor-type=\"wp-page\" data-elementor-id=\"99\" class=\"elementor elementor-99\">\n\t\t\t\t\t\t<section class=\"elementor-section elementor-top-section elementor-element elementor-element-cb039a5 elementor-section-boxed elementor-section-height-default elementor-section-height-default\" data-id=\"cb039a5\" data-element_type=\"section\" data-e-type=\"section\">\n\t\t\t\t\t\t<div class=\"elementor-container elementor-column-gap-default\">\n\t\t\t\t\t<div class=\"elementor-column elementor-col-100 elementor-top-column elementor-element elementor-element-70a070f0\" data-id=\"70a070f0\" data-element_type=\"column\" data-e-type=\"column\">\n\t\t\t<div class=\"elementor-widget-wrap elementor-element-populated\">\n\t\t\t\t\t\t<div class=\"elementor-element elementor-element-5137ac2c elementor-widget elementor-widget-text-editor\" data-id=\"5137ac2c\" data-element_type=\"widget\" data-e-type=\"widget\" data-widget_type=\"text-editor.default\">\n\t\t\t\t<div class=\"elementor-widget-container\">\n\t\t\t\t\t\t\t\t\t<p><\/p>\n<p>L\u2019EFT , c\u2019est quoi? Son origine<\/p>\n<p><\/p>\n<p>EFT (Emotional Freedom Technique)est une technique de lib\u00e9ration \u00e9motionnelle. Cette technique a \u00e9t\u00e9 d\u00e9velopp\u00e9e dans les ann\u00e9es 90 par un ing\u00e9nieur am\u00e9ricain , Gary Gray.<\/p>\n<p>Cette technique simple et efficace appartient au champs des th\u00e9rapies br\u00e8ves.<\/p>\n<p><span style=\"font-family: 'Open Sans', Arial, sans-serif; font-size: 17.6px; text-align: justify;\">Cette m\u00e9thode consiste \u00e0 se focaliser verbalement sur un probl\u00e8me (\u00e9motionnel ou physique) \u2013 tout en tapotant doucement avec le bout des doigts sur certains m\u00e9ridiens sur le corps (comme l&rsquo;acupuncture mais sans aiguilles)&nbsp;<\/span><\/p>\n<p>&nbsp; Cette technique simple et efficace a un champs d&rsquo;intervention vaste comme le souligne Gary Graig \u00a0\u00bb Essayez le pour tout\u00a0\u00bb.<\/p>\n<p><span style=\"font-family: inherit; font-size: 1.1rem; color: var( --e-global-color-text );\">Ainsi , elle apporte un soulagement surprenant&nbsp; sur les douleurs physiques ou morales comme sur les peurs , phobies, les r\u00e9actions physiques au stress, les \u00e9v\u00e9nements traumatiques , les croyances limitantes , les probl\u00e8mes relationnels \u2026( liste non exhaustive).<\/span><\/p>\n<p><span style=\"font-family: inherit; font-size: 1.1rem; color: var( --e-global-color-text );\">Cette technique peut s\u2019appliquer aux adultes comme aux enfants<\/span><br><\/p>\n<p><\/p>\n<h3 class=\"wp-block-heading\">Une s\u00e9ance EFT : Comment \u00e7a se passe?<\/h3>\n<p><\/p>\n<p>La s\u00e9ance dure 1H30&nbsp; afin que nous puissions faire connaissance , que la confiance s\u2019installe et pour clarifier la raison pour laquelle vous venez.<\/p>\n<p><\/p>\n<p>La s\u00e9ance a lieu en face \u00e0 face , elle peut aussi avoir lieu par Teams pour les personnes qui ne peuvent se d\u00e9placer ou qui habitent loin. Une s\u00e9ance \u00e0 distance produira les m\u00eames effets qu\u2019en face \u00e0 face.<\/p>\n<p><\/p>\n<p>Le nombre de s\u00e9ance peut varier selon les situations&nbsp; mais une seule et unique s\u00e9ance peut aussi suffire. C\u2019est \u00e0 vous d\u2019en juger selon votre envie.<\/p>\n<p><\/p>\n<p><strong>Des pr\u00e9cisions importantes&nbsp;<\/strong><\/p>\n<p><\/p>\n<p>Les s\u00e9ances&nbsp;d&rsquo; EFT ne sont pas destin\u00e9es \u00e0 remplacer les recommandations m\u00e9dicales. En aucun cas , vous devez arr\u00eater le traitement en cours prescrit par votre m\u00e9decin.<\/p>\n<p><\/p>\n<p><strong>Ma formation<\/strong><\/p>\n<p style=\"text-align: justify;\">J&rsquo;ai \u00e9t\u00e9 form\u00e9e par Catie Bertoux , formatrice certifi\u00e9e en EFT ( par Gary Craig ) et Ma\u00eetre formatrice et superviseur certifi\u00e9e pour EFT internatio<\/p>\n<p><\/p>\n<p><\/p>\n<p><\/p>\t\t\t\t\t\t\t\t<\/div>\n\t\t\t\t<\/div>\n\t\t\t\t\t<\/div>\n\t\t<\/div>\n\t\t\t\t\t<\/div>\n\t\t<\/section>\n\t\t\t\t<\/div>\n\t\t","protected":false},"excerpt":{"rendered":"<p>L\u2019EFT , c\u2019est quoi? Son origine EFT (Emotional Freedom Technique)est une technique de lib\u00e9ration \u00e9motionnelle. Cette technique a \u00e9t\u00e9 d\u00e9velopp\u00e9e dans les ann\u00e9es 90 par un ing\u00e9nieur am\u00e9ricain , Gary Gray. Cette technique simple et efficace appartient au champs des th\u00e9rapies br\u00e8ves. Cette m\u00e9thode consiste \u00e0 se focaliser verbalement sur un probl\u00e8me (\u00e9motionnel ou physique) [&hellip;]<\/p>\n","protected":false},"author":2,"featured_media":0,"parent":0,"menu_order":0,"comment_status":"closed","ping_status":"closed","template":"","meta":{"footnotes":""},"class_list":["post-99","page","type-page","status-publish","hentry"],"_links":{"self":[{"href":"https:\/\/aureliemitteault.fr\/index.php\/wp-json\/wp\/v2\/pages\/99","targetHints":{"allow":["GET"]}}],"collection":[{"href":"https:\/\/aureliemitteault.fr\/index.php\/wp-json\/wp\/v2\/pages"}],"about":[{"href":"https:\/\/aureliemitteault.fr\/index.php\/wp-json\/wp\/v2\/types\/page"}],"author":[{"embeddable":true,"href":"https:\/\/aureliemitteault.fr\/index.php\/wp-json\/wp\/v2\/users\/2"}],"replies":[{"embeddable":true,"href":"https:\/\/aureliemitteault.fr\/index.php\/wp-json\/wp\/v2\/comments?post=99"}],"version-history":[{"count":51,"href":"https:\/\/aureliemitteault.fr\/index.php\/wp-json\/wp\/v2\/pages\/99\/revisions"}],"predecessor-version":[{"id":682,"href":"https:\/\/aureliemitteault.fr\/index.php\/wp-json\/wp\/v2\/pages\/99\/revisions\/682"}],"wp:attachment":[{"href":"https:\/\/aureliemitteault.fr\/index.php\/wp-json\/wp\/v2\/media?parent=99"}],"curies":[{"name":"wp","href":"https:\/\/api.w.org\/{rel}","templated":true}]}}